871683238?
2
What is the hundred thousands digit of 60470112?
4
What is the units digit of 617732188?
8
What is the thousands digit of 52246608?
6
What is the ten millions digit of 476234763?
7
What is the hundred millions digit of 352318904?
3
What is the hundred thousands digit of 2424252614?
2
What is the hundreds digit of 1425300453?
4
What is the thousands digit of 104966038?
6
What is the ten thousands digit of 5247085278?
8
What is the hundreds digit of 1491570412?
4
What is the ten millions digit of 937623538?
3
What is the hundreds digit of 32684352?
3
What is the ten thousands digit of 46184429?
8
What is the ten thousands digit of 34546843?
4
What is the ten millions digit of 8960735823?
6
What is the thousands digit of 46951818?
1
What is the millions digit of 510651953?
0
What is the millions digit of 39382988?
9
What is the ten thousands digit of 9273354?
7
What is the millions digit of 705395871?
5
What is the tens digit of 24212421?
2
What is the ten thousands digit of 8119108807?
0
What is the units digit of 48813199?
9
What is the millions digit of 2159307238?
9
What is the tens digit of 130404342?
4
What is the millions digit of 94597898?
4
What is the hundreds digit of 439286503?
5
What is the hundred millions digit of 324757559?
3
What is the hundreds digit of 17464467?
4
What is the millions digit of 207662122?
7
What is the hundred millions digit of 2810241012?
8
What is the thousands digit of 791841264?
1
What is the thousands digit of 66751591?
1
What is the hundred thousands digit of 40957415?
9
What is the thousands digit of 240497112?
7
What is the ten millions digit of 49069130?
4
What is the thousands digit of 52678066?
8
What is the hundred millions digit of 408652284?
4
What is the ten millions digit of 218181449?
1
What is the thousands digit of 5822254235?
4
What is the ten millions digit of 16630075?
1
What is the ten thousands digit of 103801678?
0
What is the ten millions digit of 22411114?
2
What is the units digit of 4254654?
4
What is the millions digit of 28314015?
8
What is the hundreds digit of 287904752?
7
What is the hundred millions digit of 170031227?
1
What is the billions digit of 5390289716?
5
What is the ten millions digit of 88846874?
8
What is the thousands digit of 122922163?
2
What is the units digit of 2529430120?
0
What is the thousands digit of 57822236?
2
What is the millions digit of 270521095?
0
What is the ten millions digit of 155596584?
5
What is the ten millions digit of 380407436?
8
What is the hundreds digit of 1948553579?
5
What is the tens digit of 583470529?
2
What is the hundred millions digit of 169575514?
1
What is the millions digit of 5458806240?
8
What is the ten thousands digit of 27116196?
1
What is the tens digit of 177746869?
6
What is the ten thousands digit of 2543444900?
4
What is the hundred millions digit of 485386074?
4
What is the millions digit of 1540236769?
0
What is the thousands digit of 107041806?
1
What is the hundred thousands digit of 82126662?
1
What is the hundreds digit of 880958909?
9
What is the tens digit of 24702414?
1
What is the millions digit of 3256856306?
6
What is the millions digit of 1231726227?
1
What is the hundred millions digit of 1000061513?
0
What is the ten thousands digit of 1727657019?
5
What is the hundreds digit of 222414592?
5
What is the units digit of 7363883957?
7
What is the millions digit of 102032188?
2
What is the billions digit of 2893485991?
2
What is the ten millions digit of 110503319?
1
What is the hundred millions digit of 8820452438?
8
What is the thousands digit of 2423546?
3
What is the units digit of 112811203?
3
What is the millions digit of 1238874999?
8
What is the millions digit of 2747488775?
7
What is the ten millions digit of 189954998?
8
What is the units digit of 403673959?
9
What is the hundred thousands digit of 64724166?
7
What is the millions digit of 4007230658?
7
What is the hundred millions digit of 172857450?
1
What is the units digit of 1593824134?
4
What is the hundreds digit of 8103639?
6
What is the hundred millions digit of 239799427?
2
What is the hundred thousands digit of 471120149?
1
What is the hundreds digit of 959278750?
7
What is the hundred millions digit of 172441851?
1
What is the units digit of 236180469?
9
What is the millions digit of 304028914?
4
What is the millions digit of 711872489?
1
What is the hundred millions digit of 4325068497?
3
What is the ten thousands digit of 347991317?
9
What is the hundreds digit of 8184802?
8
What is the millions digit of 37363478?
7
What is the ten thousands digit of 171465131?
6
What is the hundred thousands digit of 10372985?
3
What is the thousands digit of 351888729?
8
What is the hundred millions digit of 2437053948?
4
What is the units digit of 69857225?
5
What is the hundreds digit of 1395352176?
1
What is the millions digit of 89497034?
9
What is the thousands digit of 25222516?
2
What is the tens digit of 191862716?
1
What is the hundreds digit of 4664718?
7
What is the ten millions digit of 1474502394?
7
What is the ten thousands digit of 668988713?
8
What is the thousands digit of 48341451?
1
What is the ten thousands digit of 40974700?
7
What is the ten thousands digit of 70920524?
2
What is the hundreds digit of 3903172605?
6
What is the ten millions digit of 1666595051?
6
What is the hundreds digit of 111193663?
6
What is the billions digit of 4939052692?
4
What is the units digit of 208571858?
8
What is the hundreds digit of 99921270?
2
What is the hundred millions digit of 135015387?
1
What is the billions digit of 1039018387?
1
What is the millions digit of 4287587267?
7
What is the ten thousands digit of 954796057?
9
What is the millions digit of 88202790?
8
What is the ten thousands digit of 30584165?
8
What is the ten millions digit of 373519467?
7
What is the hundred thousands digit of 77237000?
2
What is the billions digit of 1105183532?
1
What is the millions digit of 242767440?
2
What is the thousands digit of 87458208?
8
What is the hundred thousands digit of 2601071885?
0
What is the hundred millions digit of 3221766304?
2
What is the hundreds digit of 850898209?
2
What is the ten millions digit of 17619549?
1
What is the hundreds digit of 1485606?
6
What is the hundreds digit of 1200871662?
6
What is the units digit of 2797899881?
1
What is the millions digit of 26655915?
6
What is the ten thousands digit of 319514718?
1
What is the ten millions digit of 161501404?
6
What is the ten thousands digit of 343027126?
2
What is the tens digit of 1240767294?
9
What is the thousands digit of 612356795?
6
What is the ten millions digit of 84335690?
8
What is the millions digit of 30914825?
0
What is the hundred millions digit of 367817287?
3
What is the ten millions digit of 2242851749?
4
What is the ten millions digit of 175404322?
7
What is the hundred thousands digit of 16733079?
7
What is the hundreds digit of 5977920187?
1
What is the ten thousands digit of 128932867?
3
What is the tens digit of 2325744297?
9
What is the hundred millions digit of 120981433?
1
What is the hundred thousands digit of 13603676?
6
What is the hundreds digit of 41560841?
8
What is the units digit of 165987552?
2
What is the hundreds digit of 160589087?
0
What is the ten millions digit of 88856919?
8
What is the hundred thousands digit of 2473654238?
6
What is the units digit of 140453203?
3
What is the tens digit of 373245696?
9
What is the thousands digit of 35074755?
4
What is the ten thousands digit of 1951089436?
8
What is the hundred millions digit of 375555140?
3
What is the units digit of 35119224?
4
What is the ten millions digit of 352218293?
5
What is the tens digit of 11730331?
3
What is the thousands digit of 52736526?
6
What is the hundred thousands digit of 38887294?
8
What is the hundred millions digit of 774926907?
7
What is the thousands digit of 1786526431?
6
What is the hundred thousands digit of 796571452?
5
What is the thousands digit of 895881350?
1
What is the millions digit of 147317236?
7
What is the hundreds digit of 98295300?
3
What is the thousands digit of 2271307885?
7
What is the hundreds digit of 925178981?
9
What is the tens digit of 9710437?
3
What is the hundred thousands digit of 9411955?
4
Wha